{"id":3936,"date":"2018-11-12T15:09:47","date_gmt":"2018-11-12T14:09:47","guid":{"rendered":"http:\/\/salesianosvitoriagasteiz.com\/proyecto-aurrera\/?page_id=3936"},"modified":"2025-09-27T17:52:19","modified_gmt":"2025-09-27T15:52:19","slug":"horario","status":"publish","type":"page","link":"https:\/\/salesianosvitoriagasteiz.com\/proyecto-aurrera\/horario\/","title":{"rendered":"Horario"},"content":{"rendered":"<div id=\"fb-root\"><\/div>\n<p>[et_pb_section admin_label=\u00bbsection\u00bb]<br \/>\n\t\t\t[et_pb_row admin_label=\u00bbrow\u00bb]<br \/>\n\t\t\t\t[et_pb_column type=\u00bb4_4&#8243;][et_pb_text admin_label=\u00bbText\u00bb]<\/p>\n<blockquote><p><em><strong>El Proyecto Aurrera Vitoria no deja de atender las necesidades de nuestras destinatarias y destinatarios durante la crisis provocada por el COVID19.<\/strong><\/em><\/p>\n<p><em><strong>Debido al estado de alarma y hasta nuevo aviso atendemos las necesidades educativas de nuestros destinatarios y destinatarias a trav\u00e9s de v\u00eddeollamadas y v\u00eda telef\u00f3nica.<\/strong><\/em><\/p><\/blockquote>\n<p>Puedes seguir nuestros\u00a0<strong>recursos pedag\u00f3gicos y otras informaciones<\/strong>\u00a0a trav\u00e9s de este enlace de\u00a0<a href=\"https:\/\/salesianosvitoriagasteiz.com\/proyecto-aurrera\/\" target=\"_blank\" rel=\"noopener noreferrer\">la web del Proyecto Aurrera Vitoria.<\/a>[\/et_pb_text][\/et_pb_column]<br \/>\n\t\t\t[\/et_pb_row]<br \/>\n\t\t[\/et_pb_section]<\/p>\n<!-- AddThis Advanced Settings generic via filter on the_content --><!-- AddThis Share Buttons generic via filter on the_content -->","protected":false},"excerpt":{"rendered":"<p><!-- AddThis Advanced Settings generic via filter on the_excerpt --><!-- AddThis Share Buttons generic via filter on the_excerpt --><\/p>\n","protected":false},"author":2,"featured_media":0,"parent":0,"menu_order":0,"comment_status":"closed","ping_status":"closed","template":"","meta":{"_et_pb_use_builder":"on","_et_pb_old_content":"<blockquote><em><strong>El Proyecto Aurrera Vitoria no deja de atender las necesidades de nuestras destinatarias y destinatarios durante la crisis provocada por el COVID19.<\/strong><\/em>\r\n\r\n<em><strong>Debido al estado de alarma y hasta nuevo aviso atendemos las necesidades educativas de nuestros destinatarios y destinatarias a trav\u00e9s de v\u00eddeollamadas y v\u00eda telef\u00f3nica.<\/strong><\/em><\/blockquote>\r\nPuedes seguir nuestros\u00a0<strong>recursos pedag\u00f3gicos y otras informaciones<\/strong>\u00a0a trav\u00e9s de este enlace de\u00a0<a href=\"https:\/\/salesianosvitoriagasteiz.com\/proyecto-aurrera\/\" target=\"_blank\" rel=\"noopener noreferrer\">la web del Proyecto Aurrera Vitoria.<\/a>","_et_gb_content_width":"","footnotes":""},"class_list":["post-3936","page","type-page","status-publish","hentry"],"_links":{"self":[{"href":"https:\/\/salesianosvitoriagasteiz.com\/proyecto-aurrera\/wp-json\/wp\/v2\/pages\/3936","targetHints":{"allow":["GET"]}}],"collection":[{"href":"https:\/\/salesianosvitoriagasteiz.com\/proyecto-aurrera\/wp-json\/wp\/v2\/pages"}],"about":[{"href":"https:\/\/salesianosvitoriagasteiz.com\/proyecto-aurrera\/wp-json\/wp\/v2\/types\/page"}],"author":[{"embeddable":true,"href":"https:\/\/salesianosvitoriagasteiz.com\/proyecto-aurrera\/wp-json\/wp\/v2\/users\/2"}],"replies":[{"embeddable":true,"href":"https:\/\/salesianosvitoriagasteiz.com\/proyecto-aurrera\/wp-json\/wp\/v2\/comments?post=3936"}],"version-history":[{"count":3,"href":"https:\/\/salesianosvitoriagasteiz.com\/proyecto-aurrera\/wp-json\/wp\/v2\/pages\/3936\/revisions"}],"predecessor-version":[{"id":8954,"href":"https:\/\/salesianosvitoriagasteiz.com\/proyecto-aurrera\/wp-json\/wp\/v2\/pages\/3936\/revisions\/8954"}],"wp:attachment":[{"href":"https:\/\/salesianosvitoriagasteiz.com\/proyecto-aurrera\/wp-json\/wp\/v2\/media?parent=3936"}],"curies":[{"name":"wp","href":"https:\/\/api.w.org\/{rel}","templated":true}]}}

<div id="fb-root"></div>
<p>[et_pb_section admin_label=»section»]<br />
			[et_pb_row admin_label=»row»]<br />
				[et_pb_column type=»4_4&#8243;][et_pb_text admin_label=»Text»]</p>
<blockquote><p><em><strong>El Proyecto Aurrera Vitoria no deja de atender las necesidades de nuestras destinatarias y destinatarios durante la crisis provocada por el COVID19.</strong></em></p>
<p><em><strong>Debido al estado de alarma y hasta nuevo aviso atendemos las necesidades educativas de nuestros destinatarios y destinatarias a través de vídeollamadas y vía telefónica.</strong></em></p></blockquote>
<p>Puedes seguir nuestros <strong>recursos pedagógicos y otras informaciones</strong> a través de este enlace de <a href="https://salesianosvitoriagasteiz.com/proyecto-aurrera/" target="_blank" rel="noopener noreferrer">la web del Proyecto Aurrera Vitoria.</a>[/et_pb_text][/et_pb_column]<br />
			[/et_pb_row]<br />
		[/et_pb_section]</p>
<!-- AddThis Advanced Settings generic via filter on the_content --><!-- AddThis Share Buttons generic via filter on the_content -->

<blockquote><em><strong>El Proyecto Aurrera Vitoria no deja de atender las necesidades de nuestras destinatarias y destinatarios durante la crisis provocada por el COVID19.</strong></em>

<em><strong>Debido al estado de alarma y hasta nuevo aviso atendemos las necesidades educativas de nuestros destinatarios y destinatarias a través de vídeollamadas y vía telefónica.</strong></em></blockquote>
Puedes seguir nuestros <strong>recursos pedagógicos y otras informaciones</strong> a través de este enlace de <a href="https://salesianosvitoriagasteiz.com/proyecto-aurrera/" target="_blank" rel="noopener noreferrer">la web del Proyecto Aurrera Vitoria.</a>
